What is the greatest common factor of 3717 and 315?
63
What is the greatest common factor of 42 and 56?
14
Calculate the highest common divisor of 336 and 12624.
48
Calculate the highest common factor of 255 and 8313.
51
What is the greatest common divisor of 15 and 49965?
15
Calculate the highest common factor of 56 and 72.
8
Calculate the highest common factor of 2189 and 3184.
199
Calculate the greatest common divisor of 3808 and 896.
224
What is the highest common factor of 92 and 276?
92
Calculate the greatest common factor of 17 and 7.
1
What is the highest common factor of 248 and 310?
62
What is the highest common factor of 424 and 376?
8
What is the greatest common factor of 350 and 126?
14
What is the greatest common factor of 2316 and 24?
12
What is the greatest common divisor of 24986 and 26?
26
Calculate the greatest common divisor of 2134 and 22.
22
Calculate the greatest common divisor of 55 and 80.
5
Calculate the greatest common divisor of 330 and 30.
30
What is the highest common factor of 4508 and 552?
92
Calculate the greatest common divisor of 325 and 13.
13
What is the greatest common factor of 96 and 66?
6
What is the greatest common factor of 378 and 1344?
42
What is the greatest common factor of 2 and 19?
1
Calculate the greatest common divisor of 282 and 10011.
141
What is the greatest common factor of 126 and 406?
14
What is the highest common factor of 456 and 57?
57
What is the highest common divisor of 66 and 110?
22
What is the greatest common divisor of 217 and 93?
31
What is the highest common divisor of 93 and 155?
31
What is the greatest common divisor of 432 and 7056?
144
What is the greatest common divisor of 1812 and 12?
12
Calculate the greatest common divisor of 9 and 63.
9
Calculate the greatest common factor of 10 and 50.
10
What is the greatest common factor of 142 and 355?
71
Calculate the greatest common divisor of 8062 and 87.
29
Calculate the greatest common factor of 1110 and 180.
30
Calculate the highest common divisor of 21 and 14.
7
What is the highest common divisor of 453 and 2416?
151
Calculate the highest common factor of 201 and 134.
67
Calculate the highest common factor of 35 and 20965.
35
Calculate the greatest common divisor of 697 and 17.
17
What is the greatest common factor of 45 and 175?
5
What is the greatest common factor of 17 and 17?
17
What is the highest common divisor of 264 and 2013?
33
Calculate the highest common factor of 66 and 33.
33
Calculate the highest common divisor of 354 and 2065.
59
What is the greatest common factor of 154 and 2079?
77
What is the highest common factor of 756 and 4068?
36
What is the highest common factor of 33 and 110?
11
Calculate the highest common factor of 2796 and 24.
12
Calculate the greatest common divisor of 1285 and 5.
5
What is the highest common factor of 55 and 11?
11
What is the highest common divisor of 272 and 646?
34
What is the greatest common factor of 1408 and 594?
22
What is the highest common divisor of 1333 and 124?
31
What is the greatest common factor of 2184 and 169?
13
Calculate the highest common divisor of 148 and 407.
37
Calculate the greatest common factor of 35 and 205.
5
What is the highest common factor of 121 and 33?
11
Calculate the highest common factor of 1085 and 10.
5
Calculate the highest common factor of 34 and 5831.
17
What is the highest common factor of 4796 and 44?
44
Calculate the greatest common divisor of 52 and 4108.
52
What is the highest common divisor of 44 and 2266?
22
What is the greatest common divisor of 63 and 84?
21
What is the highest common factor of 266 and 418?
38
What is the greatest common factor of 9306 and 396?
198
What is the highest common factor of 207 and 63?
9
Calculate the greatest common divisor of 14 and 8.
2
What is the highest common factor of 238 and 28?
14
Calculate the highest common factor of 108 and 54.
54
Calculate the greatest common factor of 47 and 423.
47
Calculate the highest common divisor of 56 and 45598.
14
Calculate the highest common divisor of 57 and 152.
19
Calculate the highest common divisor of 22 and 693.
11
What is the highest common divisor of 125 and 50?
25
Calculate the highest common divisor of 710 and 284.
142
Calculate the greatest common factor of 162 and 36.
18
What is the greatest common factor of 50 and 50?
50
What is the greatest common divisor of 28 and 19138?
14
Calculate the greatest common divisor of 84 and 48.
12
What is the greatest common factor of 15624 and 14?
14
Calculate the highest common factor of 588 and 28.
28
What is the highest common factor of 10020 and 60?
60
What is the greatest common divisor of 776 and 97?
97
Calculate the greatest common divisor of 38 and 11153.
19
What is the highest common divisor of 434 and 279?
31
Calculate the highest common divisor of 288 and 36.
36
Calculate the greatest common divisor of 657 and 9.
9
What is the highest common factor of 102 and 138?
6
Calculate the greatest common divisor of 9659 and 169.
13
What is the greatest common divisor of 765 and 75?
15
What is the highest common divisor of 1260 and 35?
35
What is the highest common divisor of 75 and 3?
3
Calculate the highest common divisor of 52 and 572.
52
Calculate the highest common divisor of 738 and 82.
82
Calculate the greatest common divisor of 728 and 1274.
182
What is the greatest common divisor of 6 and 87?
3
What is the greatest common divisor of 6432 and 12?
12
What is the greatest common divisor of 80 and 9136?
16
Calculate the greatest common divisor of 506 and 138.
46
Calculate the greatest common factor of 11968 and 816.
272
What is the highest common factor of 17 and 160?
1
What is the greatest common factor of 3171 and 399?
21
Calculate the greatest common factor of 1362 and 8399.
227
What is the highest common factor of 29 and 16820?
29
What is the highest common divisor of 5 and 75?
5
What is the highest common divisor of 1274 and 65?
13
Calculate the greatest common factor of 1121 and 475.
19
What is the greatest common divisor of 60 and 45?
15
What is the highest common factor of 9 and 8523?
9
What is the highest common divisor of 224 and 196?
28
What is the greatest common factor of 65 and 78?
13
What is the greatest common divisor of 50 and 325?
25
What is the greatest common divisor of 225 and 45?
45
What is the greatest common divisor of 1848 and 28?
28
Calculate the highest common divisor of 6278 and 1022.
146
What is the greatest common divisor of 112 and 16?
16
Calculate the greatest common factor of 62 and 9362.
62
Calculate the greatest common divisor of 3087 and 567.
63
Calculate the greatest common factor of 1824 and 57.
57
Calculate the highest common factor of 135 and 605.
5
What is the greatest common factor of 180 and 2580?
60
What is the greatest common factor of 192 and 4736?
64
Calculate the greatest common factor of 4216 and 16.
8
What is the highest common factor of 716 and 4?
4
Calculate the highest common divisor of 459 and 8109.
153
Calculate the highest common factor of 27443 and 13.
13
What is the greatest common divisor of 260 and 364?
52
Calculate the greatest common factor of 582 and 30.
6
What is the highest common factor of 16 and 19048?
8
What is the greatest common divisor of 140 and 160?
20
What is the highest common factor of 78 and 6942?
78
Calculate the highest common factor of 9 and 8208.
9
Calculate the greatest common divisor of 8 and 26104.
8
What is the highest common factor of 2236 and 104?
52
Calculate the greatest common factor of 182 and 26.
26
What is the highest common factor of 822 and 12?
6
What is the greatest common divisor of 585 and 90?
45
What is the greatest common divisor of 2632 and 14?
14
What is the greatest common divisor of 1100 and 88?
44
What is the highest common factor of 225 and 2430?
45
What is the highest common divisor of 230 and 70?
10
What is the greatest common divisor of 434 and 112?
14
What is the highest common divisor of 4116 and 12?
12
What is the greatest common divisor of 19 and 361?
19
Calculate the greatest common factor of 1140 and 20.
20
Calculate the highest common factor of 180 and 510.
30
What is the greatest common divisor of 6272 and 147?
49
Calculate the highest common factor of 11 and 143.
11
What is the greatest 